5*u, 4*b + 55173 = -u. Let v = b - -20121. Is v composite?
False
Let k be (-13)/((-195)/(-36))*7060/6. Let r = 11571 - k. Is r prime?
False
Suppose -43523 + 561662 = 9*k. Is k prime?
True
Let g = 44899 + -31148. Is g composite?
False
Let h = -16418 - -26917. Is h prime?
True
Let m = 2090 - 1289. Suppose 11546 - m = -7*r. Let u = 1772 - r. Is u composite?
False
Let z be (-142)/(-6) - ((-8)/(-12) + 0). Let k = z + -20. Suppose 6*w + 26 = 2*b + k*w, -b - 9 = 4*w. Is b a composite number?
False
Suppose -k + v + 783 = 0, 0*k + 2345 = 3*k + v. Let q be 12/(-8)*306/(-27). Suppose 19*y - k = q*y. Is y a prime number?
False
Is 66/(-1419)*1 + (-80567126)/(-86) a prime number?
True
Let f(k) = -2*k**2 + 176*k + 81. Is f(80) a composite number?
False
Suppose 2*k - 5*a - 578518 = 0, 14*a + 867877 = 3*k + 19*a. Is k composite?
True
Let w be 51 - 2 - 24/8. Let p be (w/8 - 6) + 3/(-4). Is (-6 + (-3089 - -2))/(p + 0) prime?
False
Is 28 - (-2008)/(-72) - ((-72419910)/27 - -2) prime?
True
Is (7669928/(-168))/(-3 - (-32)/12) composite?
False
Let a(c) = 342*c**3 + 13*c**2 - 83*c + 7. Is a(5) a composite number?
False
Suppose -2*c + 3*c - 1269 = 0. Let b = -798 + c. Suppose z = -82 + b. Is z a prime number?
True
Let v(j) = -j**3 + 78*j**2 + 50*j - 141. Is v(32) a composite number?
False
Let t = 30 + -25. Suppose 0 = -3*g + t + 13. Is ((-783)/36)/(g/(-16)) a prime number?
False
Let y be (1/3)/((-8)/24) + 51. Suppose -5*t + 4*k + y = 0, -3*k + 32 = 3*t - 25. Suppose 11*c = t*c - 5523. Is c a composite number?
True
Suppose 1118 - 206 = 24*z. Is ((-310832)/76 + (-4)/z)/(-2) prime?
False
Suppose 3*o = -6*o - 45. Let i be (-1 - o) + -16 + 1203. Suppose 8*h - 5*h - i = 0. Is h prime?
True
Suppose 5593968 = 13*g + 5*g + 506754. Is g prime?
False
Let z(b) = 15*b**3 + 9*b**2 + 8*b + 6. Let l be z(-8). Is (30/(-60))/(1/l) a prime number?
True
Let n be 295/11 + (-30)/(-165). Suppose c - n = -8*c. Suppose 3*k + 12 = 0, 5*h - 3*k - 1274 = c*h. Is h prime?
True
Is 1085528/40 + (-5)/((-275)/44) a prime number?
False
Let m(t) = 13*t**2 + 22*t + 501. Is m(-20) a prime number?
True
Let s = -3 + 1. Let v be -6*(s/(-4))/(2/4). Let i(o) = -20*o - 27. Is i(v) a composite number?
True
Suppose 2*g + 460859 = 3*w, -17*w + 3*g + 768100 = -12*w. Is w a composite number?
False
Let t be 27/(-18) + 7819/(-2). Let b = 2195 + t. Let f = -949 - b. Is f a composite number?
True
Let h be (-6)/24*5*7688. Let x = 1989 - h. Is x prime?
False
Suppose 0 = o - 54 + 47. Suppose 0 = o*d - d - 1758. Is d prime?
True
Let u(o) = -37*o**2 + 956*o + 20. Is u(21) a prime number?
True
Is (-5776155)/((-253)/23) + 1*(2 - 6) composite?
False
Let l(g) = -85*g - 46. Suppose -15 = 53*c - 54*c. Suppose 3*k + 18 = -c. Is l(k) a composite number?
True
Let w(h) = 142*h**3 - 108*h**2 + 7*h - 25. Is w(6) a prime number?
True
Let c(y) = 62*y**2 - 372*y - 681. Is c(-37) a prime number?
True
Suppose -35*y = -2873453 - 3286932. Is y a composite number?
True
Let r(y) = 45*y - 40*y + 54*y + 75*y - 47. Is r(17) a prime number?
False
Is 19/(2470/(-20)) - 409311/(-39) a composite number?
True
Let l(i) = -4*i - 14. Let d be l(-4). Let v(y) = d*y**2 - 3*y**2 - 23 + 3 - 40*y. Is v(-27) a composite number?
False
Suppose 141*v - 12636086 = -185*v. Is v composite?
True
Suppose 2*m = -4*o - 8, -5*o - 13 - 2 = 5*m. Is (-112230)/(-105) + m/(-14) prime?
True
Suppose 2*v - 311 = 3*v. Let g be 0 + v + 4 + -2. Let p = g - -436. Is p a composite number?
False
Let b be (-33)/(-18) + 1/6 - -860. Suppose -5*f - q + b = -382, 732 = 3*f - 3*q. Let c = 5 + f. Is c a prime number?
False
Let j = 363536 - 217587. Is j composite?
False
Suppose 10*y = 249 - 209. Is 1*y/(-10) + (-2061106)/(-590) a composite number?
True
Suppose -85138 = -b - 59*k + 62*k, 4*b - 340585 = k. Is b a prime number?
True
Suppose -3788671 = -131*j + 4787506. Is j composite?
True
Let g = 290 + -288. Suppose 4*w = 3*r + 2956, 2*r = -g*w + 6*w - 2956. Is w prime?
True
Let h = -73345 + 106336. Is 4*(h/(-14))/(-3) composite?
True
Let g = -196 + 306. Let f = g + -102. Suppose 338 - 1290 = -f*z. Is z a prime number?
False
Let j = 221038 - 103064. Is (j/4 - 2)/((-9)/(-6)) prime?
True
Suppose 354*d - 12664 = -4*o + 350*d, 4*o - 2*d = 12646. Is o a prime number?
True
Let z be 2/(-4) + 1/2. Suppose z = 4*u + 5*r - 2 - 14, 13 = -u + 3*r. Is 1/((-1)/1345)*u a composite number?
True
Let l(z) = 1089*z**2 - 89*z - 723. Is l(-10) composite?
True
Suppose -43965 = -3*m - 112*z + 110*z, -3*m + 3*z = -43980. Is m a composite number?
False
Let t(h) be the first derivative of 547*h**6/360 + h**5/24 - h**4/8 - 10*h**3 - 5. Let y(c) be the third derivative of t(c). Is y(2) a composite number?
True
Is ((-1239)/42)/(1/634)*-1 a composite number?
True
Let d = -5229 + 8060. Is d composite?
True
Let t(f) = -78*f - 71. Suppose 4*r = 5*h - 49, r - h + 16 - 5 = 0. Is t(r) a prime number?
True
Let r be -3 + (-21)/(-84) + 19/4. Is (0 - -2897) + -6*r/4 prime?
False
Suppose -2679448 = -26*s - 2*s + 20*s. Is s a prime number?
True
Let j = 0 - -3. Let s(q) = 235*q + 292. Let a be s(4). Suppose r - 2*g + 200 = 611, -5*g - a = -j*r. Is r composite?
False
Let n = 66 + -65. Is n*9148/2 - (-40)/(-40) prime?
False
Let t = 83 + -79. Suppose 0 = -7*i + t*i. Suppose i = -8*j + 4*j + 3020. Is j prime?
False
Suppose 0 = 158*a - 129*a - 1469459. Is a prime?
True
Let l = -323 - -328. Suppose 2809 = a + l*i, -4*i = -i. Is a composite?
True
Let p(u) = 369*u**3 - 3*u**2 - 25*u + 43. Is p(6) prime?
False
Let k(u) = -258*u**2 + 7*u - 4. Let f(l) = l - 1. Let g(h) = 5*f(h) - k(h). Let v be g(-3). Suppose -11*p = -12*p + v. Is p a composite number?
True
Let n be (-14 + 11)*(-95)/57. Suppose 0*d + 6 = -2*d. Is (265 - n - d)*1 a composite number?
False
Let u = -179 - -428. Let r(s) = -2*s - 2. Let x be r(9). Is u/2 + 10/x + 3 composite?
False
Let v be (-156)/(-13) - (4 - 1)*1. Let d(b) = -v*b**3 - 5*b**2 - 19 - b**2 + 8*b - 12*b. Is d(-6) composite?
False
Let v(q) = 4408*q - 738. Is v(22) a prime number?
False
Let a(l) = 29*l**3 - 10*l**2 - 6*l + 51. Let b be a(8). Let o = b - 8270. Is o a prime number?
False
Let v = -25 + 37. Suppose 0 = 9*k - v - 15. Suppose -k*g = 4*i - 1659, -2234 = -4*g - 2*i + 4*i. Is g a prime number?
True
Suppose -20*q + 93903 - 16163 = 0. Suppose q = p - w, w - 30 = -28. Is p a prime number?
True
Let m = -33 + 38. Suppose m*d + 20 = 0, 0*d + 7431 = l + 5*d. Is l prime?
True
Let a = -19 - -23. Suppose -306 - 538 = a*m. Let g = -26 - m. Is g composite?
True
Suppose -z + 11000 - 2144 = 0. Let q = z - 3973. Is q prime?
False
Suppose -3*m + 41 = 4*v, 4*m - 5*v = -6*v + 33. Suppose 14390 + 14352 = m*n. Is n a composite number?
True
Let d = -235 + 237. Suppose -3*v - a - 18083 = -6*v, 6021 = v - d*a. Is v composite?
False
Let p = 867 + 11319. Let d = 31229 - p. Suppose -4*c + 4*f = 10506 - 35934, 3*c = -4*f + d. Is c prime?
True
Let z be ((-1022)/(-21))/(4/6). Suppose -2*r - 11 = 5*x - 43, -3*r + z = -5*x. Is (1078/r)/(2/3) a composite number?
True
Suppose 0 = 61*z + 32*z + 39042145 - 233782192. Is z composite?
True
Let l(z) be the first derivative of -1024*z**2 + 125*z - 59. Is l(-7) a composite number?
False
Let d(v) = -13*v + 109. Let c be d(8). Suppose 1377 = c*y - 2138. Is y a composite number?
True
Let m(h) = h**3 + 16*h**2 + 2*h + 32. Let g be m(-16). Suppose 4*y + 4*l - 9851 - 2205 = g, 0 = -4*y - 2*l + 12066. Is y composite?
False
Let s(y) = -11*y - 2. Let n be s(-1). Suppose 20 = -5*i, 5*i - 2794 = n*x - 7*x. Let d = x - -2362. Is d prime?
False
Let g be (2 - (-16)/(-4))*-1. Suppose -y - 2*y = -g*y. Is (1 + y)*(48 + -3) - 2 prime?
True
Let f = 127518 + 36595. Is f a prime number?
True
Let f be (-110)/((-3 + 420/138)/(-4)). Let q = f - 3743. Is q composite?
True
Suppose -59*u - 2595046 = -64*u + 3*l, l - 1038003 = -2*u. Is u composite?
True
Suppose v = -4*c + 4529 + 6065, 5*c - 13237 = -4*v. Suppose -14*r + 865 = -c. Is r prime?
True
Let o(q) = 12294*q - 212. Let w be o(8). Suppose 22*p = 2*p + w. Is p prime?
False
Is (92762/(-3))/2*(545 - 548) a composite number?
False
Suppose 80 = -11*r - 239. Let n = 39 + r. Is n composite?
True
Let t(c) = 4*c**3 + 3*c**2 - 4. Let h be t(2). Is (-2393)/(-5) - h/(-100) a prime number?
True
Let p = -93 - -77. Let a be (p/24)/(6/(-4005)). Suppose -135 = -3*i + 2*i - 4*n, 3*i - a =